t is the remainder when 127 is divided by q(k)?
31
Let v(i) = -6*i - 10. Let c(q) = -1. Let r(m) = -5*c(m) + v(m). What is the remainder when (1 - -37)/(2/1) is divided by r(-3)?
6
Let o be 7*(-1)/(-3) + (-26)/78. What is the remainder when (-1 + 4 - -202) + o is divided by 21?
18
Let s(z) = -z**2 + 6*z - 6. Let r be s(4). Let o = 80184 - 80160. Calculate the remainder when o is divided by (1 + 7/2)*r.
6
Let h(i) = -i**3 + 57*i**2 + 61*i. Calculate the remainder when h(58) is divided by 110.
64
Suppose 243*w - 2281284 = -236*w - 7*w. What is the remainder when w is divided by 335?
4
Suppose 7*k = 6059 - 5800. Let v = 3 - 1. Suppose -k - 143 = -v*m. What is the remainder when m is divided by 31?
28
Suppose 0 = -137*l + 144*l - 182. Calculate the remainder when 152 is divided by l.
22
Suppose -4140 = 96*a + 96*a - 18732. Calculate the remainder when a is divided by 6/(-9)*129/(-2).
33
Calculate the remainder when 611 is divided by 356/(-445) - ((-629)/5 + 2).
119
What is the remainder when 1647 is divided by -1*(-26 - 35/(-5)) + 2?
9
Suppose 0 = 2*u - 509 + 89. Suppose 9*f - 2*f = u. Let b = f - 9. What is the remainder when b is divided by 6?
3
Let w(m) = -6*m + 45. Let r be (-378)/(-81) - 2/(-6). Let j = 90 - -14. Calculate the remainder when j is divided by w(r).
14
Let q be 411/4 - 145/(-116). Suppose -6*v + q = 2*v. Calculate the remainder when 103 is divided by v.
12
What is the remainder when 1600 is divided by 1224/48*(-30)/(-45)?
2
Let z = -163 - -173. Calculate the remainder when 44 is divided by 37/(-185) + 132/z.
5
Suppose 0 = -0*h + 4*h - 8632. Suppose -45*n = -29023 + h. Calculate the remainder when n is divided by 46.
45
Let k(x) = -x**3 + 2*x**2 + 2*x + 16. Let d be (-7 - (-56)/8)/((-1)/1). What is the remainder when 31 is divided by k(d)?
15
Suppose -2*z + 4*u - 624 = 2*z, -2*z - 5*u = 347. Calculate the remainder when 7 is divided by (-16)/(-10) + -1 - z/115.
1
What is the remainder when 835 is divided by (-1)/((-3)/132) + (6 + -1)*-1?
16
Suppose 0 = 13*c - 4*c - 513. Suppose 0 = -2*k + 9 + 21. Calculate the remainder when c is divided by k.
12
Let n = -226 + 238. Suppose 0 = 10*l - n*l + 626. Calculate the remainder when l is divided by 35.
33
Calculate the remainder when (-2)/7 + (-704)/(-14) is divided by 5383/294 + 98/(-84) + 1/(-7).
16
Let a = 30 + -14. Let m be (35/(-15) + 0 + 2)*9. Calculate the remainder when m - (-4 + 60/(0 + -2)) is divided by a.
15
Suppose 182*y - 7887 - 3215 = 0. What is the remainder when 62 is divided by y?
1
Let m be 16/6 - (-1)/3. Suppose 97 = 5*a + 5*f - 118, -3518*f + 3513*f = -120. Calculate the remainder when 2/3 - (-379)/m is divided by a.
13
Suppose -26*r - 80*r = 38*r - 303264. Calculate the remainder when r is divided by 702.
0
Suppose 0 = 4*m - 3*y - 215, 5*y = -m + 18 + 53. Suppose -70*o + 65*o + 1070 = -5*b, o - 250 = -3*b. What is the remainder when o is divided by m?
55
Let i(n) = n**3 + n. Suppose 6*s - 2*s + a + 5 = 0, a + 5 = -s. Suppose 2*y + 0*y - 30 = s. Calculate the remainder when y is divided by i(2).
5
Let k(j) = 2*j**3 - 129*j**2 + 67*j - 194. Let a be k(64). Let u be (-1)/(-2) + (-11)/(-2). What is the remainder when 46 is divided by u*(-1)/4 - 35/a?
14
Suppose -4*o - 88 = -4*x, -2*o - o = -x + 24. Let b = 47 - x. What is the remainder when 75 is divided by b?
23
Let q be (2/1)/((2 + 4)/(-3)). Calculate the remainder when (-708)/(-18)*(-6 - -3)*q is divided by 33.
19
Let y(w) = w**3 + w**2 + 10*w - 14. Let q be y(5). Let h = 46 + q. Calculate the remainder when h is divided by 79.
74
Suppose -170 = -6*s + s. Suppose -z - 85 - 152 = -2*w, w - 141 = 5*z. What is the remainder when w is divided by s?
14
Let q(b) = 2025*b + 6128. What is the remainder when q(8) is divided by 58?
56
Suppose 4*j - 195*w - 644 = -197*w, -5*j = 5*w - 800. Suppose -3 = -f - b, -3*b - 7 = -1. What is the remainder when j is divided by f?
2
Let a be 2/(8/((-560)/(-285)) - 4). Suppose 2*d = 3*s - 16, -4*s + a = -s + d. Calculate the remainder when 23 is divided by s.
7
Let l(r) = 2*r**2 - 157*r - 796. Calculate the remainder when 1258 is divided by l(-5).
10
Let r(z) = 3*z**2 + 6*z - 4. Let o(q) = q - 9. Let y be o(4). Calculate the remainder when r(y) is divided by 5313/(-759)*(-4 - -1).
20
What is the remainder when 400 is divided by (-84)/9*(-78)/91?
0
Suppose 16*w + 931 = 122*w + 83. What is the remainder when 59 is divided by w?
3
Let d(t) = -134*t - 7. Let u be d(-2). Suppose 1076 = 4*b + 4*l, 0 = b - l - 0*l - u. Suppose i - b = -4*i. What is the remainder when i is divided by 29?
24
Let n be (-1)/2 + 12*18/48. Suppose n*z = 3*a - 60 - 74, 0 = 3*a + 3*z - 162. What is the remainder when a is divided by 14?
8
Suppose 6*z = 8*z. Suppose z = -v + t + 111, 0*t = 3*t - 9. Suppose j - 15 = 14. Calculate the remainder when v is divided by j.
27
Suppose -l - 2*z + 168 = 0, 27*z + 524 = 3*l + 29*z. Calculate the remainder when 901 is divided by l.
11
Suppose -3*s = 2*p - 4, -3*s = 5*p - 2 + 1. What is the remainder when s/(-13) + 4018/91 is divided by 9?
8
Suppose 0 = 4*h - 4, -4*a = -2*a - h - 367. Let s = 208 - a. Calculate the remainder when 64 is divided by s.
16
Let v = -11324 + 13399. What is the remainder when v is divided by 21?
17
Suppose 2*o - o - 19 = 0. Let u = 46 - 41. Suppose -215 = -5*z + u*k, z - 3*k - 38 = -k. Calculate the remainder when z is divided by o.
10
Suppose -u = 157 - 34. Let p = 145 + u. Calculate the remainder when 62 is divided by p.
18
Let o(r) = 27*r**3 - 4*r**2 - 2*r + 5. What is the remainder when 151 is divided by o(1)?
21
Let t(c) = c**3 - 5*c**2 + 54*c - 408. Calculate the remainder when 191 is divided by t(7).
55
Let n be (-6784)/160*5/(-2). Let q = n - 126. Calculate the remainder when (1*-3)/(-1) + q/20 is divided by 1.
0
Let i(m) = 30*m - 1008. Suppose -3*n + 25 + 23 = 0. What is the remainder when i(36) is divided by n?
8
Let h = -4 - -7. Suppose -4*s - h = -11. Suppose s*d - 50 = -u + 3*u, 2*d - u = 55. Calculate the remainder when d is divided by 8.
6
Suppose -51*t + 280 = -128. Let g(f) = f**3 - 4*f**2 - 13*f - 14. What is the remainder when g(t) is divided by 35?
33
Suppose -49*o + 139*o - 1980 = 0. What is the remainder when 111 is divided by o?
1
Suppose 8*z + 10931 - 35403 = 0. What is the remainder when z is divided by 45?
44
Suppose s = 2*l - 13, 211*l - 207*l + 4*s = 32. What is the remainder when 1831 is divided by l?
4
Suppose -5*b + 48 + 37 = 0. Let l = 834 - 830. Suppose 3*s - 27 = -2*n, 3*n + 11 + 25 = l*s. Calculate the remainder when b is divided by s.
8
Let m = 4 + -1. Suppose 2*c = q + 63, 0 = 2*c + m*c - q - 165. Let w = 515829 + -515811. What is the remainder when c is divided by w?
16
Let r = 479 - 5. Let i = -453 + r. What is the remainder when 100 is divided by i?
16
Let g(a) = 7874*a + 39416. What is the remainder when g(-5) is divided by -1*(1 - -1) + 15?
7
Let p(v) = 26*v + 105. Suppose -y - 5 = x - 47, -2*y + 2*x + 92 = 0. What is the remainder when p(6) is divided by y?
41
Suppose 5*p + 18 = -2*d, 3*d + 1 = 4*p - 3. Let c be ((3/d)/3)/(4/(-80)). Suppose c*m = 56 + 34. What is the remainder when 32 is divided by m?
14
Suppose 5*c - o - 311 = 0, -1076 = -11*c - 2*o - 375. What is the remainder when c is divided by 1*14 - (-2)/(-2)?
11
Let n = 60 + -25. Let c = -13767 + 13774. Calculate the remainder when n is divided by c.
0
Let t(s) = 4*s - 78. Let l be t(21). Let r(u) = 10*u**2 - 1. Let a be r(-2). What is the remainder when 33 is divided by l/(18/a) - 4?
6
Let z(h) = 6*h + 142. What is the remainder when 37/1 + 8 + -7 is divided by z(-22)?
8
Let w = 59 + -36. Suppose 0 = -10*d + 12*d - 120. Let h = d + -48. What is the remainder when w is divided by h?
11
Let m be 8 + -5 - (-2 + 7 + -1). Calculate the remainder when 112 is divided by 779/123 - m/(-3).
4
Suppose -3*y - y + 36 = 0. What is the remainder when 26/2 - (-87 + 96) - -71 is divided by y?
3
What is the remainder when 124 is divided by 140/(-14) - -38 - 1*-7?
19
Let l = -1824 - -1876. What is the remainder when 608 is divided by l?
36
What is the remainder when 947 is divided by (-2)/13 - (-51912)/273?
187
Let d be -6 - (1/(-2))/((-23)/(-1104)). Let l(k) = -14*k**3 - 2*k**2 + 1. Let m be l(-1). Let n = d + m. Calculate the remainder when n is divided by 16.
15
Let z(b